+ (-3 + 3 + 3 - -6) - 138?
-135
Calculate (-1537 - -1542) + (1 - -8 - 1) - (3 + 69).
-59
What is (34 - (12 - (-4 + 21))) + (0 - -10) + -2?
47
What is -3 + (3 + -6 - 5) + (-102 - -89)?
-24
What is the value of -62 + (-5 + 8 + -7 - (9 - 14 - -3))?
-64
Evaluate -47 + 2 + (23 + -18 - ((5 - 2) + 6)).
-49
Calculate -16 + (933 - 973) + -2 + 4.
-54
What is the value of -4 + -2 + 10 + -15 + -51 + 5 + 13?
-44
Calculate (3 - -116) + (21 - 26) + (146 - 143).
117
Calculate -18 + 6 - 18 - -15.
-15
Calculate 79 - ((2 + 23 - 36) + 24).
66
What is 87 + (1 - (-1 + 1 + -3 - (2318 + -2321)))?
88
What is the value of -1 - 11 - (-298 + 279)?
7
276 + -275 + 1 + -12 + -9
-19
Evaluate (6 - -20) + 47 + -59 - -9.
23
9 - (13 - (-1 - 22 - -52))
25
What is 2 + -8 + 2 + (16 - -2) + 14?
28
Evaluate -46 - -51 - (53 - 2) - -43.
-3
What is (0 - 0) + -6 + -112 + (1 - (-23 - 29))?
-65
What is 43 + (1 - (19 + (5 - 4 - 16)))?
40
Calculate (24 - (-6 + -1 - -27)) + 11.
15
Evaluate 6 + 7 + 0 - (57 - (14 + -17)).
-47
Calculate (-109 - -73 - -45) + (-4 - 28).
-23
Evaluate 7 + (6 - (-8 - (-5 + -13 + 0))) + -48.
-45
Calculate -12 + (78 - (2 - -10) - (-1 - -4 - -1)).
50
Evaluate 7 - 15 - (216 + -253).
29
-1576 - -1544 - (-1 + -9)
-22
Evaluate -52 - (5 + 2 - 19 - (-4 + -10 + 14)).
-40
Evaluate (8 - 19) + (3 - (6 + 8)).
-22
What is -11 - ((64 - (36 + -6)) + -39)?
-6
What is (-10 - (-15 - -1)) + (17 - -11) - 4?
28
What is 4 + -1 + -4 - (-3 - (-48 + -28 + 14))?
-60
What is the value of -46 + 4 + -17 - (39 + -62)?
-36
What is (-47 - 117) + 31 - (-18 + 6)?
-121
What is 6 + -85 - (-11 + 9 + 0 + 0 + 11)?
-88
What is the value of -6 + 25 + -4 + (-22 - 2)?
-9
What is the value of (1 - 1) + -2 + 23 + (-5 - 23 - -31)?
24
Calculate 100229 + -100282 - (-11 - (1 + -2) - -1).
-44
What is (39 - 18 - 34) + -53?
-66
Evaluate 23 - (-126 + 127 + 103).
-81
-16 + (0 - (12 - 41)) - (-1 + 55)
-41
What is the value of 61 + (-102 - -62) - ((3 - 1 - 2) + 7)?
14
Evaluate -31 + (-1623 - -1605) + 16 + 0.
-33
-50 + (10 - 16) + (3 - 8 - -18)
-43
What is 30 - ((21 - 14 - 14) + -14 + 16)?
35
Calculate -8 - (0 + (68 - (-1 + 1)) - (-40507 + 40521)).
-62
What is (-2 - -56) + (-1267 - -1237)?
24
What is the value of -31 + (19 - (-24 + (21 - -2)))?
-11
Calculate 27 - -1 - (-11 + (-2 - -1 - -26)).
14
What is the value of 61 - (29 - 12) - -17?
61
What is -6 - (-41 + -3 + -9 + 193)?
-146
Calculate (-10 - (-11 + 15 - 69)) + 12 + 4 + 7.
78
What is the value of 3 + 13 - (5 + (-15 - -25) - 78)?
79
-34 - 16 - -34 - 27
-43
Evaluate 1 - (-5 + (-5 + 0 - (4 + -10)) + -37).
42
Calculate -114 + -18 - -67 - -119.
54
597 - 525 - (49 - -3)
20
What is -23 + (-6 - -11 - 11) + 15 - -83?
69
What is the value of -46 + 63 - (11 + -8 - -14)?
0
Evaluate (-1328 - -1266) + (1 - -101).
40
What is 1 + (10 + 4 - 9) + -11 + 11 - 19?
-13
Evaluate -12 - (11 + -38) - (-4 + 21).
-2
What is the value of -6 + (2 + -8 - -10) + (-38 - (-3 - -2))?
-39
Calculate -8 + 2 + 0 + 0 + (59 + 148 - 226).
-25
What is 12 + -1 - (31 + (-24 + -2 - -7) + 42)?
-43
Calculate (1169 - 1195) + (102 - -5 - -3).
84
Evaluate -31 - (1 + 2 + 253 + -261 - (-1 - 1)).
-28
What is -42 - ((-120 - -41) + 45)?
-8
Evaluate -79 - ((-3 + 2 - -1) + (17 - (51 - 33))).
-78
Calculate (-1152 - -1146) + -3 + -9.
-18
Evaluate (-21 - (0 - 11)) + 20 + 15 + -6.
19
(503 - 535) + (-19 - -1) + 31
-19
(76 - 2) + (196 - 138 - 89)
43
What is -5 + 12 + -8 - (1 - -27 - (0 + 3))?
-26
-26 - (-6 + 0 + (282 - 301))
-1
What is 4 + -3 + 2 - (16 + -53 + 5)?
35
Evaluate (-37 - -1) + 4348 + -4274.
38
What is 16 - ((-24 - -87) + -1)?
-46
-6 - (-33 + (31 - -15)) - 23
-42
Evaluate -22 + (198 - (203 - 111)).
84
Calculate 94 + -2 + -114 + 120 - (2 + (-5 - -8)).
93
What is (-4 - 1 - (-4 + 4 + 7)) + 7?
-5
Calculate (-88 - (-31 + -58) - (-23 + 0)) + 4.
28
What is the value of 1 + -38 - (2830 - 2871)?
4
Evaluate 12870 - 12777 - (-1 + 22).
72
(-3 - 25) + -21 + (-1 + -5 - -4) + 3
-48
Evaluate 17 + (-2 - -1) + (44 + 15 + -19 - 51).
5
What is 305 + -281 + (2 - (-8 + (1 - -181)))?
-148
What is (52 - -32) + (-4 - 36)?
44
Evaluate -17 + 7 + 2 - (-584 - -488).
88
What is 54 + (40 - 64) + -1 - 113?
-84
-26 + -10 - (267 - 304)
1
Calculate 125 + -65 + (-44 - -3).
19
What is (-4 - 19) + (2 - -8) + -15 + 9?
-19
Calculate 21 + -47 + 33 + 1 + -18 + 1 + -24.
-33
Calculate -118 + (117 - (-36 - -52)).
-17
24 - 61 - -56 - -14
33
1673 - 1708 - (2 - 4 - -17)
-50
Evaluate (24 - 13) + (-87 - 1 - (-431 - -413)).
-59
What is -1 + (2 - 8) - (-78 + 49 + 44)?
-22
126 + 60 + -12 + -3 - 25
146
What is 998 + -989 - (11 - 3 - -1)?
0
Evaluate 7 + (-27 - (2 - (31 - 4 - 14))).
-9
Calculate -2786 - -2790 - (-10 + 1).
13
What is the value of (12 - 5 - -13) + -10 - -2 - -12?
24
Calculate 3 + -1 - (-9 - -21) - (-116 - -20).
86
Calculate -13 + 9 + -5 - (-6 + 12 - 29).
14
What is -10 - 0 - (183 + -170 - (49 + -1))?
25
What is (-28 - 22) + 34 - (-13 + 8)?
-11
Evaluate -3 - (4 - -5) - -2 - (45 + -24).
-31
What is the value of 16 - (-7 + (45 - 0) + -7) - -30?
15
Evaluate (-24 - -2 - (-310 - -318)) + -11.
-41
Evaluate -170 + 184 - (3 - -64).
-53
(77 - (0 + (-30 - -98))) + (-6 - -1)
4
Calculate -19 + 12 + -80 + 47.
-40
Evaluate -2 - -1 - (-15 + -16 + (6 - -9) + 7).
8
Evaluate (24 - -7) + (-2 - (12 + -19)) + (20 - 17).
39
What is the value of (781 - 774) + (-4 - -2) + -15 - (17 - 0)?
-27
What is -17 + -72 - -31 - -26?
-32
What is the value of 9 - (-2 + (-6 - -41))?
-24
Calculate -24 - (5 + -15 + -48) - -5.
39
Evaluate 22 + (-36 - -35) - (-15 - 4).
40
Calculate (-35 - (-6 + 5)) + (671 - 688).
-51
What is the value of 25 - (98 + -30 + 17 + -11)?
-49
What is 38 + 12 + (-7 - (15 - -4))?
24
(-6 - 23) + -4 + -49 + 164
82
-3 - (0 - (-1 - -9) - (-32 - (-11 - 14)))
-2
What is the value of -18 + -12 - (-20 + 1) - (-17 + (-1 - -9))?
-2
Evaluate -66 + 30 + 12 + 101.
77
Evaluate 1 - ((-1 - -2) + (19 - 82 - -29)).
34
What is the value of 28 + -11 + (-1 - (5 + -20))?
31
Evaluate -17 + (-3 - (4 - 9)) + -70 + 46.
-39
Evaluate 9 + -23 + (10 - (-7 - -10)) + -68.
-75
What is 7 + (-37 - (21 + (-9 - 25)))?
-17
What is (2 - (-2 + -28)) + (171 - (92 + 56))?
55
Evaluate (28 - (30 + 3 + 28)) + 2.
-31
What is the value of (7 - (-11 + -12)) + 2 + -113?
-81
Evaluate 19 + (-5 - 21) - (22 - 0) - -9.
-20
Evaluate 0 + -77 - ((0 - -5) + -21 + 5 + 14).
-80
Evaluate 161 + -114 + (7 - 2) - (-1 - -2).
51
Evaluate (23 - 7 - 15) + -65 + -9.
-73
What is -50 + 8 - -17 - -49?
24
What is -4 + -68 - (37 - 80)?
-29
Evaluate 13 + (21 - (-5 - -18)) - 9.
12
What is -61 + 18 - 3 - -14?
-32
What is the value of -501 + 429 - (8 - 15)?
-65
7 + (-65 - -5) - (-3 - (-5 + 13 + -25))
-67
What is 219 + -112 - (21 + (-16 - -10 - 2))?
94
What is the value of 32 + -114 + (39 - -29)?
-14
Calculate -4 + (-82 - (-85 + 42)).
-43
Evaluate -2 + 5 - (1 - -10) - (-133 + 99 + 49).
-23
46 + (48 - 91) + 22
25
What is -63 - (18 - (39 - 9))?
-51
What is the value of -9 + 35 + 123 + -22 + -39?
88
-164 - (0 - -106 - 205)
-65
What is 56 + 45 + -67 + 26?
60
What is the value of (-29 - (95 + -31 + 27)) + 37?
-83
What is the value of 3220 + -3203 - ((2 - -54) + -2 + -1)?
-36
What is -5793 + 5783 - (4 + 0 + -1 - -7)?
-20
Evaluate -1 + -3 + 1 + -17 + 24 + 451 + -486.
-31
Evaluate (-23 - 17) + 71 + -20.
11
Evaluate 21 + -1 - (102 + -102) - -9.
29
-140 - (-13 + -23 + -80)
-24
-23 + (31 - (-19 + 18 + 7))
2
Evaluate -184 + 174 - (3 + -30 + (-6 - (-4 - 3))).
16
What is -12 - -2 - (6 + 4 + 19)?
-39
Calculate -44 - (10 - (41 + -27)) - (0 - -9).
-49
What is (24 - 32) + (-8 + -8 - -3 - -43)?
22
-9 + ((-1 - -3) + (13 - (-5 + 54)) - 6)
-49
What is (-36 - (20 + (13 - 53))) + 19?
3
Calculate (5 - 0) + (-1 - (4 - 2)) + (-2593 - -2597).
6
0 - -104 - (-2 + 0) - (-18 - 4 - -35)
93
Calculate -7 + 15 + -5 + (34 - (13 + -6) - -9).
39
53 + -26 - 55 - -30
2
Calculate 106 + -219 + 45 + 12 + -20.
-76
What is the value of (-1 - 1) + (-3 - (-2 + -13)) + -36?
-26
20 - (-13 - -7) - (-27 + 16)
37
What is -3 + (6 - 15) + 9 + 5 - (58 - 43)?
-13
4 - ((167 - 169) + (0 - 2) + 10)
-2
Evaluate (0 - -2 - -123) + (-51 - -87) + -83 + 33.
111
0 + 138 - (21 + (-1 - (-6 - (3 + -28))))
137
What is -167 + 53 + -2 + 37 + (1 - 12)?
-90
What is the value of 57 + (-62 + 18 - 4)?
9
(0 - 39) + 40 + (2 - (-8 + 4))
7
-35 + -45 + 36 + 7
-37
Evaluate (-1 - 163) + -8786 + 8862.
-88
Evaluate (483 - 439) + -4 + 1.
